n q is divided by f.
8
Let o = 3 + 5. Let b(d) = -4*d - 6. Let v be b(-9). Let k = -7 + v. What is the remainder when k is divided by o?
7
Suppose 3*v - 16 = 2*a, -a + 0*v - 17 = 3*v. What is the remainder when 13 is divided by 420/110 - 2/a?
1
Suppose -21*y + 18*y - 2*b + 4124 = 0, -1398 = -y + 4*b. Calculate the remainder when y is divided by 115.
113
Suppose 0*v = -3*v + 21. Suppose 4*m + 3 = v. Calculate the remainder when 3 is divided by m.
0
Let p = 37 - 18. What is the remainder when p is divided by 34/4 + 6/4?
9
Let k = -20 - -20. Suppose k = 3*t - 6, 4*r - 2*t = 6*r - 16. What is the remainder when 44 is divided by (10/2)/(2/r)?
14
Let w = 99 + -62. Suppose 13*c + 140 = 20*c. What is the remainder when w is divided by c?
17
Suppose 5*h - 3*n + 3 = 65, 0 = 2*h + 5*n - 31. Suppose 35 + 1 = -3*f. Let d = h + f. What is the remainder when 3 is divided by d?
0
Suppose -5*o = i - 40, 2*i + 3*o = -0*o + 115. Let v be 322/9 - (-13 - (-1380)/108). Let n = i - v. Calculate the remainder when n is divided by 8.
5
Suppose -30 = 2*g + 3*k - 134, k = 3*g - 156. Suppose -d - 2*d + 24 = 0. Suppose -o + 10 = -d. Calculate the remainder when g is divided by o.
16
Let v(c) = -c**2 + 4*c + 4. Let l be v(4). Suppose u + l = 12. Calculate the remainder when 19 is divided by u.
3
Suppose 0 = 19*m - 23*m + 108. What is the remainder when 80 is divided by m?
26
Suppose 4*y - 1187 = 3*k, -3*y + 3*k - 31 + 922 = 0. What is the remainder when y is divided by 76?
68
Suppose -323 = -40*k + 1037. Calculate the remainder when 52 is divided by k.
18
Suppose 30 = 2*m - 2*n - 84, -3*m - 4*n + 185 = 0. What is the remainder when 188 is divided by m?
11
Suppose -3*m - 63 = -6*m. Suppose m - 89 = -4*l. Calculate the remainder when 65 is divided by l.
14
Suppose 4*o - 6636 = -5*d, -2443 = -o - 4*d - 795. What is the remainder when o is divided by 98?
96
Suppose -4*z + 47 = z - 2*g, -5*g - 35 = -5*z. Calculate the remainder when 1570 is divided by z.
8
Let d(k) = 3*k**2 - 4*k + 2. Let q be d(3). Let t = q - 16. Calculate the remainder when 56 is divided by (1 - 0) + 20 - t.
16
Let q be 5/((-10)/12)*10/(-30). Suppose q*j - 65 = -5*u + 6, -2*u + j + 23 = 0. What is the remainder when 49 is divided by u?
10
Let l(c) = c**3 - 6*c**2 - 25*c - 13. Suppose 2*w + 6 = 4*w. What is the remainder when l(9) is divided by w?
2
Let m = 7 + -3. Suppose l + l - 4*k = -66, -m*l = -k + 118. Let h = l + 37. What is the remainder when h is divided by 3?
2
Suppose -4*p - b = -29, 0 = -0*b - 3*b - 9. Suppose 0 = 6*x - p - 40. Suppose c - 66 = -27. Calculate the remainder when c is divided by x.
7
Calculate the remainder when ((-10)/2 - -57) + 1 is divided by 12.
5
Let s = 52 + -52. Suppose 3*m + 3*a - 48 = s, -6*a = -5*m - 2*a + 71. What is the remainder when 72 is divided by m?
12
Suppose 4*q - q - 75 = 0. Calculate the remainder when q is divided by ((-288)/60 + 6)*5.
1
Let z = -6 - -22. Let n(l) = 4*l**2 + 2*l - 2. What is the remainder when n(-3) is divided by z?
12
Calculate the remainder when 236 is divided by (-478)/(-14) + 8/(-56).
32
Let s(h) = -h**3 + 8*h**2 + 12*h - 12. Let u = -10 + 19. What is the remainder when 44 is divided by s(u)?
14
Let r(b) = b + 6. Let y be r(-3). Let n = 0 + y. Suppose 4*t = 3*v + 8, -n*t - 2*v - 1 = -6*v. What is the remainder when 8 is divided by t?
3
Suppose 4*j = 2*a - 428, 2*a - 254 = -2*j + 186. What is the remainder when a is divided by 17?
14
What is the remainder when 362 is divided by (175/(-50))/(3/(-78))?
89
Let b(x) = x + 5. Let d = -2111 + 2147. Calculate the remainder when d is divided by b(5).
6
Let j = 8 + -22. Let t = j + 2. What is the remainder when 18 is divided by (-59)/(-6) + (-2)/t?
8
Suppose 4*g + 8 = -0. Let j = -2 - g. Suppose 0*k + 70 = 4*t + 2*k, 5*t + 4*k - 92 = j. Calculate the remainder when 31 is divided by t.
15
Suppose -5*l + l = -116. Let q = 170 + -168. Calculate the remainder when l is divided by q.
1
Let b(c) = -19*c - 40. Let h be b(-11). Let n = h + -150. Calculate the remainder when 22 is divided by n.
3
Suppose 4*t - 8*t - 204 = -5*c, 2*c = -2*t + 78. Suppose 0 = -2*i - 2*p + c, -i - 4*p + 8 = -0*i. What is the remainder when 70 is divided by i?
22
Let x = 8 + -1. Suppose x*n = 3*n + 32. Suppose 3*a = n*a - 90. What is the remainder when 53 is divided by a?
17
Suppose 4*f - 57 = -5. Suppose -335 = 5*k - c, 2*k + 134 = 2*c + 2*c. Let q = k + 116. What is the remainder when q is divided by f?
10
Let m = -170 - -187. Calculate the remainder when 47 is divided by m.
13
Let w = 11 - 7. Let k(d) = 3*d**2 - 2*d + 1. What is the remainder when k(w) is divided by 11?
8
Suppose 0 = -2*n - 2*n - 16. Let h(i) = -4*i - 5. Let l = -27 + 58. What is the remainder when l is divided by h(n)?
9
Let y(u) be the second derivative of -u**3/6 + 2*u**2 - 6*u. Calculate the remainder when 47 is divided by y(-8).
11
Let t(g) = -g**2 - 11*g - 11. Let b(a) = 16*a**2 + 9*a + 4. Let h be (-24)/48*(5 - 1). Calculate the remainder when b(h) is divided by t(-8).
11
Suppose 0 = 3*v + 4*f - 690, -7*v - 3*f = -12*v + 1179. What is the remainder when v is divided by 17?
13
Suppose -2*x + 6 = -288. Calculate the remainder when x is divided by 17.
11
Suppose 0 = d + 6 - 23. Calculate the remainder when -2*-1*590/20 is divided by d.
8
Let z be ((-2)/4)/(2/(-20)). Suppose -b - b = -z*l, -5*l - 3*b = 0. Suppose l = k + 4*g - 43, k - 5*g + 3 = 10. What is the remainder when 52 is divided by k?
25
Let a(y) be the second derivative of -y**5/20 + 19*y**4/12 - 2*y**3/3 - 2*y**2 - 47*y. What is the remainder when a(18) is divided by 50?
48
Let h(u) = u**3 - 3*u**2 - 2*u - 4. Let o be h(4). What is the remainder when o/(-10) + (-1782)/(-55) is divided by (7 - 1)/((-4)/(-6))?
5
Suppose 3*w = 4*w - 7. Suppose 13 = p + w. Let s(v) = 2*v - 3. What is the remainder when 34 is divided by s(p)?
7
Let o(q) = -15*q + 7. Let r(b) = 22*b - 10. Let c(v) = -7*o(v) - 5*r(v). Calculate the remainder when c(-9) is divided by 122/5 - (-2)/(-5).
22
Suppose 6 = -3*j + 288. Let s = j - 52. Suppose 3 = 3*x - s. What is the remainder when 27 is divided by x?
12
Suppose -5*p - 2*x = -51, 3*x + 0*x = -5*p + 54. Suppose -z + 6*g - 5*g + 30 = 0, 180 = 5*z + g. What is the remainder when z is divided by p?
8
Let u = -40 + 44. Suppose 0 = -6*q + 3*q + 15, 2*q = u*r - 142. What is the remainder when r is divided by 13?
12
Suppose 9*c = -33 + 96. Suppose 4*d + 132 = 10*d. Calculate the remainder when d is divided by c.
1
Suppose 3*t - 2*j + 69 = 0, -2*j - 33 = 3*t + 36. Let g = t - -34. Calculate the remainder when 42 is divided by g.
9
Let u be 3*-2*2/(-3). Suppose u*q + 4 = -0. Calculate the remainder when 53 is divided by q + 18 - (-4 - -7).
11
Suppose -5*i + 9 = j - 65, -4*j - 12 = -2*i. What is the remainder when 18 is divided by i?
4
Suppose -2*i = 2, 4 = m + 5*i + 5. Suppose -4*v = v + m*d - 58, -d - 73 = -5*v. Calculate the remainder when v is divided by 6.
2
Let q(w) = -4*w - 7. Let d be q(-3). Suppose -145 = -d*u - 0*u. Let o(i) = 3*i - 15. Calculate the remainder when u is divided by o(10).
14
Let q = 713 + -370. Suppose -5*w + 375 = 3*z + 2*z, 0 = 5*z - 3*w - q. Suppose -2*n + 18 = -n. Calculate the remainder when z is divided by n.
17
Suppose 12*l - 140 = 17*l. Let z = l + 36. Calculate the remainder when 12 is divided by z.
4
Suppose -8*c + 26 + 126 = 0. Let t(s) = -s**3 + 19*s**2 + s - 2. Calculate the remainder when 83 is divided by t(c).
15
Let u(d) = -95*d - 607. What is the remainder when u(-8) is divided by 22?
21
Let h = -164 - -294. Let s = h - 74. Calculate the remainder when s is divided by 15.
11
Let g(f) = 3*f + 34. Let j = 34 + -43. Calculate the remainder when 34 is divided by g(j).
6
What is the remainder when ((108/(-216))/((-1)/(-34)))/((-2)/10) is divided by 128/6 + (-4)/(-6)?
19
Suppose -15*m + 8*m = -168. Suppose -f - m = -2*d, -4*f + 2 = -2*d + d. What is the remainder when 81 is divided by d?
11
Suppose 0 = 10*l - 969 - 161. What is the remainder when l is divided by 13?
9
Let o(u) be the third derivative of -u**5/60 - u**4/4 + 11*u**3/6 + 4*u**2. Calculate the remainder when o(-6) is divided by (-114)/(-24) + (-1)/(-4).
1
Suppose 0 = 268*p - 171*p - 873. Let v = -25 + 58. Calculate the remainder when v is divided by p.
6
Suppose 5*q - 5 - 5 = 0, 620 =